{"id":1626,"date":"2015-05-04T14:37:34","date_gmt":"2015-05-04T14:37:34","guid":{"rendered":"http:\/\/localhost:8888\/boulder\/?page_id=7"},"modified":"2021-06-25T01:43:38","modified_gmt":"2021-06-24T22:43:38","slug":"who-we-are","status":"publish","type":"page","link":"https:\/\/turkabkablo.com\/?page_id=1626","title":{"rendered":"Kurumsal"},"content":{"rendered":"<style id=\"kt-blocks_e2e8b1-15\" type=\"text\/css\">#kt-layout-id_e2e8b1-15 {background-image:url(http:\/\/turkabkablo.com\/wp-content\/uploads\/2021\/02\/kirmizi3.jpg);background-size:cover;background-position:44% 26%;background-attachment:scroll;background-repeat:no-repeat;}#kt-layout-id_e2e8b1-15 > .kt-row-column-wrap {padding-top:140px;padding-bottom:162px;padding-left:20px;padding-right:20px;min-height:100px;max-width:800px;margin-left:auto;margin-right:auto;}#kt-layout-id_e2e8b1-15 > .kt-row-layout-overlay {opacity:0.00;background-color:rgba(0, 0, 0, 1);}<\/style>\n<div class=\"wp-block-kadence-rowlayout alignnone home-hero\"><div id=\"kt-layout-id_e2e8b1-15\" class=\"kt-row-layout-inner kt-row-has-bg kt-layout-id_e2e8b1-15 has-white-background-color\"><div class=\"kt-row-layout-overlay kt-row-overlay-normal\"><\/div><div class=\"kt-row-column-wrap kt-has-1-columns kt-gutter-wider kt-v-gutter-default kt-row-valign-middle kt-row-layout-equal kt-tab-layout-inherit kt-m-colapse-left-to-right kt-mobile-layout-row\">\n<div class=\"wp-block-kadence-column inner-column-1 kadence-column_c0493b-f7 kadence-column_8e0476-e9\"><div class=\"kt-inside-inner-col\"><style id=\"kt-blocks_51e5cb-7d\" type=\"text\/css\">#kt-adv-heading_51e5cb-7d, #kt-adv-heading_51e5cb-7d .wp-block-kadence-advancedheading {font-size:44px;font-weight:900;font-family:Lato;text-transform:uppercase;}@media (min-width: 767px) and (max-width: 1024px) {#kt-adv-heading_51e5cb-7d, #kt-adv-heading_51e5cb-7d .wp-block-kadence-advancedheading {font-size:40px;}}@media (max-width: 767px) {#kt-adv-heading_51e5cb-7d, #kt-adv-heading_51e5cb-7d .wp-block-kadence-advancedheading {font-size:32px;}}<\/style>\n<h2 id=\"kt-adv-heading_51e5cb-7d\" class=\"kt-adv-heading_51e5cb-7d wp-block-kadence-advancedheading\" style=\"text-align:center\">TURKAB Kablo<\/h2>\n\n\n\n<p class=\"has-text-align-center has-black-color has-text-color\" style=\"font-size:15px\">Kablo sekt\u00f6r\u00fcnde 1999 y\u0131l\u0131ndan beri Istanbul Karak\u00f6y ve Perpa ofislerinde pazarlama ve sat\u0131\u015f faaliyetlerini y\u00fcr\u00fcten firmam\u0131z, 2009 y\u0131l\u0131nda TURKAB KABLO SANAY\u0130 VE T\u0130CARET L\u0130M\u0130TED \u015e\u0130RKET\u0130&#8217;ni kurarak Tuzla\u2019daki \u00fcretim tesislerinde Harmonize Kablolar, Enerji kablolar\u0131,Dalg\u0131\u00e7 Motor Pompa Kablolar\u0131, Kumanda Kablolar\u0131, Asans\u00f6r ve Vin\u00e7 Kablolar\u0131, gibi \u00fcr\u00fcnlerden olu\u015fan geni\u015f \u00fcr\u00fcn yelpazesiyle \u00fcretim faaliyetlerine ba\u015flam\u0131\u015ft\u0131r.<\/p>\n<\/div><\/div>\n<\/div><\/div><\/div>\n\n\n<style id=\"kt-blocks_c63478-8c\" type=\"text\/css\">#kt-layout-id_c63478-8c > .kt-row-column-wrap {padding-top:150px;padding-bottom:150px;padding-left:20px;padding-right:20px;min-height:500px;max-width:1100px;margin-left:auto;margin-right:auto;}<\/style>\n<div class=\"wp-block-kadence-rowlayout alignnone\"><div id=\"kt-layout-id_c63478-8c\" class=\"kt-row-layout-inner kt-layout-id_c63478-8c\"><div class=\"kt-row-column-wrap kt-has-1-columns kt-gutter-default kt-v-gutter-default kt-row-valign-middle kt-row-layout-equal kt-tab-layout-inherit kt-m-colapse-left-to-right kt-mobile-layout-row\">\n<div class=\"wp-block-kadence-column inner-column-1 kadence-column_73a74e-36\"><div class=\"kt-inside-inner-col\"><style id=\"kt-blocks_e8cbb9-af\" type=\"text\/css\">#kt-adv-heading_e8cbb9-af, #kt-adv-heading_e8cbb9-af .wp-block-kadence-advancedheading {font-size:44px;}<\/style>\n<h2 id=\"kt-adv-heading_e8cbb9-af\" class=\"kt-adv-heading_e8cbb9-af wp-block-kadence-advancedheading has-luminous-vivid-orange-color\" style=\"text-align:center;margin-bottom:0px\"><strong>Vizyonumuz<\/strong><\/h2>\n\n\n\n<div class=\"wp-block-kadence-spacer aligncenter kt-block-spacer-_92cd84-49\"><div class=\"kt-block-spacer kt-block-spacer-halign-center\" style=\"height:36px\"><hr class=\"kt-divider\" style=\"border-top-width:1px;width:5%;border-top-style:solid\" \/><\/div><\/div>\n\n\n\n<div style=\"height:41px\" aria-hidden=\"true\" class=\"wp-block-spacer\"><\/div>\n\n\n<style id=\"kt-blocks_d70caa-f5\" type=\"text\/css\">@media (min-width: 767px) {#kt-layout-id_d70caa-f5 > .kt-row-column-wrap > .inner-column-1 {-webkit-flex: 0 1 50%;-ms-flex: 0 1 50%;flex: 0 1 50%;}#kt-layout-id_d70caa-f5 > .kt-row-column-wrap > .inner-column-2 {-webkit-flex: 0 1 50%;-ms-flex: 0 1 50%;flex: 0 1 50%;}}#kt-layout-id_d70caa-f5 > .kt-row-column-wrap {padding-top:0px;padding-bottom:0px;padding-left:0px;padding-right:0px;max-width:100%;margin-left:auto;margin-right:auto;}<\/style>\n<div class=\"wp-block-kadence-rowlayout alignnone\"><div id=\"kt-layout-id_d70caa-f5\" class=\"kt-row-layout-inner kt-layout-id_d70caa-f5\"><div class=\"kt-row-column-wrap kt-has-2-columns kt-gutter-none kt-v-gutter-default kt-row-valign-middle kt-row-layout-equal kt-tab-layout-inherit kt-m-colapse-left-to-right kt-mobile-layout-row  kt-custom-first-width-50  kt-custom-second-width-50\">\n<div class=\"wp-block-kadence-column inner-column-1 kadence-column_88f00d-0e\"><div class=\"kt-inside-inner-col\">\n<figure class=\"wp-block-image alignwide size-large image-no-caption is-style-default\"><img decoding=\"async\" loading=\"lazy\" width=\"1024\" height=\"751\" src=\"http:\/\/turkabkablo.com\/wp-content\/uploads\/2021\/01\/1104855_46048689-1024x751.jpg\" alt=\"\" class=\"wp-image-1897\" srcset=\"https:\/\/turkabkablo.com\/wp-content\/uploads\/2021\/01\/1104855_46048689-1024x751.jpg 1024w, https:\/\/turkabkablo.com\/wp-content\/uploads\/2021\/01\/1104855_46048689-300x220.jpg 300w, https:\/\/turkabkablo.com\/wp-content\/uploads\/2021\/01\/1104855_46048689-768x563.jpg 768w, https:\/\/turkabkablo.com\/wp-content\/uploads\/2021\/01\/1104855_46048689-1536x1126.jpg 1536w, https:\/\/turkabkablo.com\/wp-content\/uploads\/2021\/01\/1104855_46048689-2048x1502.jpg 2048w\" sizes=\"(max-width: 1024px) 100vw, 1024px\" \/><\/figure>\n<\/div><\/div>\n\n\n<style id=\"kt-blocks_ed852f-0d\" type=\"text\/css\">.kt-row-layout-inner > .kt-row-column-wrap > .kadence-column_ed852f-0d > .kt-inside-inner-col {padding-top:24px;padding-bottom:24px;padding-left:24px;padding-right:24px;}<\/style>\n<div class=\"wp-block-kadence-column inner-column-2 kadence-column_ed852f-0d\"><div class=\"kt-inside-inner-col\">\n<p>Ulusal ve uluslararas\u0131 standartlara uygun olarak \u00fcretim yapan TURKAB KABLO, \u00fcretime ba\u015flamas\u0131na paralel olarak T\u00fcv \u2013 EN ISO 9001:2015 kalite y\u00f6netim sistemini olu\u015fturmu\u015f ve \u00fcr\u00fcn yelpazesinde bulunan \u00fcr\u00fcnler i\u00e7in TSE belgelerini almay\u0131 ba\u015farm\u0131\u015ft\u0131r. <\/p>\n\n\n\n<p>En yeni teknolojik ekipman\u0131n kullan\u0131ld\u0131\u011f\u0131 fabrika laboratuvar\u0131m\u0131zda, kalite kontrol faaliyetlerinin titizlikle y\u00fcr\u00fct\u00fclmesi ilke edinilmi\u015ftir.<\/p>\n<\/div><\/div>\n<\/div><\/div><\/div>\n\n\n\n<div class=\"wp-block-kadence-spacer aligncenter kt-block-spacer-_6de98d-9e\"><div class=\"kt-block-spacer kt-block-spacer-halign-center\" style=\"height:60px\"><hr class=\"kt-divider\" style=\"border-top-width:1px;width:80%;border-top-style:solid\" \/><\/div><\/div>\n\n\n<style id=\"kt-blocks_82952a-b4\" type=\"text\/css\">#kt-adv-heading_82952a-b4, #kt-adv-heading_82952a-b4 .wp-block-kadence-advancedheading {font-size:44px;}<\/style>\n<h2 id=\"kt-adv-heading_82952a-b4\" class=\"kt-adv-heading_82952a-b4 wp-block-kadence-advancedheading has-luminous-vivid-orange-color\" style=\"text-align:center;margin-bottom:0px\"><strong><strong>Misyonumuz<\/strong><\/strong><\/h2>\n\n\n\n<div class=\"wp-block-kadence-spacer aligncenter kt-block-spacer-_0eabe7-36\"><div class=\"kt-block-spacer kt-block-spacer-halign-center\" style=\"height:36px\"><hr class=\"kt-divider\" style=\"border-top-width:1px;width:5%;border-top-style:solid\" \/><\/div><\/div>\n\n\n<style id=\"kt-blocks_dae90f-81\" type=\"text\/css\">@media (min-width: 767px) {#kt-layout-id_dae90f-81 > .kt-row-column-wrap > .inner-column-1 {-webkit-flex: 0 1 50%;-ms-flex: 0 1 50%;flex: 0 1 50%;}#kt-layout-id_dae90f-81 > .kt-row-column-wrap > .inner-column-2 {-webkit-flex: 0 1 50%;-ms-flex: 0 1 50%;flex: 0 1 50%;}}#kt-layout-id_dae90f-81 > .kt-row-column-wrap {padding-top:0px;padding-bottom:0px;padding-left:0px;padding-right:0px;max-width:100%;margin-left:auto;margin-right:auto;}<\/style>\n<div class=\"wp-block-kadence-rowlayout alignnone\"><div id=\"kt-layout-id_dae90f-81\" class=\"kt-row-layout-inner kt-layout-id_dae90f-81\"><div class=\"kt-row-column-wrap kt-has-2-columns kt-gutter-none kt-v-gutter-default kt-row-valign-middle kt-row-layout-equal kt-tab-layout-inherit kt-m-colapse-left-to-right kt-mobile-layout-row  kt-custom-first-width-50  kt-custom-second-width-50\"><style id=\"kt-blocks_5b4ace-d0\" type=\"text\/css\">.kt-row-layout-inner > .kt-row-column-wrap > .kadence-column_5b4ace-d0 > .kt-inside-inner-col {padding-top:24px;padding-bottom:24px;padding-left:24px;padding-right:24px;}<\/style>\n<div class=\"wp-block-kadence-column inner-column-1 kadence-column_5b4ace-d0\"><div class=\"kt-inside-inner-col\">\n<p>TURKAB KABLO, sekt\u00f6r\u00fcn tecr\u00fcbeli isimlerinden olu\u015fan ekibi ve s\u00fcreklilik g\u00f6steren makine, teknoloji ve insan kaynaklar\u0131 yat\u0131r\u0131mlar\u0131n\u0131n yan\u0131 s\u0131ra, m\u00fc\u015fteri ve \u00e7\u00f6z\u00fcm odakl\u0131 \u00e7al\u0131\u015fma anlay\u0131\u015f\u0131yla, ulusal ve uluslararas\u0131 pazarlarda tercih edilen markalar aras\u0131nda edindi\u011fi yeri sa\u011flamla\u015ft\u0131rarak, daha \u00e7ok say\u0131da t\u00fcketiciye ula\u015fmay\u0131 hedeflemektedir.<\/p>\n<\/div><\/div>\n\n\n\n<div class=\"wp-block-kadence-column inner-column-2 kadence-column_b6032f-09\"><div class=\"kt-inside-inner-col\">\n<figure class=\"wp-block-image size-large image-no-caption\"><img decoding=\"async\" loading=\"lazy\" width=\"1024\" height=\"484\" src=\"http:\/\/turkabkablo.com\/wp-content\/uploads\/2021\/02\/1154862_87531673-1024x484.jpg\" alt=\"\" class=\"wp-image-2033\" srcset=\"https:\/\/turkabkablo.com\/wp-content\/uploads\/2021\/02\/1154862_87531673-1024x484.jpg 1024w, https:\/\/turkabkablo.com\/wp-content\/uploads\/2021\/02\/1154862_87531673-300x142.jpg 300w, https:\/\/turkabkablo.com\/wp-content\/uploads\/2021\/02\/1154862_87531673-768x363.jpg 768w, https:\/\/turkabkablo.com\/wp-content\/uploads\/2021\/02\/1154862_87531673-1536x726.jpg 1536w, https:\/\/turkabkablo.com\/wp-content\/uploads\/2021\/02\/1154862_87531673.jpg 1817w\" sizes=\"(max-width: 1024px) 100vw, 1024px\" \/><\/figure>\n<\/div><\/div>\n<\/div><\/div><\/div>\n\n\n<style id=\"kt-blocks_262774-75\" type=\"text\/css\">@media (min-width: 767px) {#kt-layout-id_262774-75 > .kt-row-column-wrap > .inner-column-1 {-webkit-flex: 0 1 50%;-ms-flex: 0 1 50%;flex: 0 1 50%;}#kt-layout-id_262774-75 > .kt-row-column-wrap > .inner-column-2 {-webkit-flex: 0 1 50%;-ms-flex: 0 1 50%;flex: 0 1 50%;}}#kt-layout-id_262774-75 > .kt-row-column-wrap {padding-top:0px;padding-bottom:0px;padding-left:0px;padding-right:0px;max-width:100%;margin-left:auto;margin-right:auto;}<\/style>\n<div class=\"wp-block-kadence-rowlayout alignnone\"><div id=\"kt-layout-id_262774-75\" class=\"kt-row-layout-inner kt-layout-id_262774-75\"><div class=\"kt-row-column-wrap kt-has-2-columns kt-gutter-none kt-v-gutter-default kt-row-valign-middle kt-row-layout-equal kt-tab-layout-inherit kt-m-colapse-left-to-right kt-mobile-layout-row  kt-custom-first-width-50  kt-custom-second-width-50\">\n<div class=\"wp-block-kadence-column inner-column-1 kadence-column_6eaf76-0e\"><div class=\"kt-inside-inner-col\"><\/div><\/div>\n\n\n<style id=\"kt-blocks_f39bc8-3b\" type=\"text\/css\">.kt-row-layout-inner > .kt-row-column-wrap > .kadence-column_f39bc8-3b > .kt-inside-inner-col {padding-top:24px;padding-bottom:24px;padding-left:24px;padding-right:24px;}<\/style>\n<div class=\"wp-block-kadence-column inner-column-2 kadence-column_f39bc8-3b\"><div class=\"kt-inside-inner-col\"><\/div><\/div>\n<\/div><\/div><\/div>\n<\/div><\/div>\n<\/div><\/div><\/div>\n\n\n<style id=\"kt-blocks_244c2a-24\" type=\"text\/css\">#kt-layout-id_244c2a-24 > .kt-row-column-wrap {padding-top:0px;padding-bottom:0px;padding-left:0px;padding-right:0px;}<\/style>\n<div class=\"wp-block-kadence-rowlayout alignnone\"><div id=\"kt-layout-id_244c2a-24\" class=\"kt-row-layout-inner kt-layout-id_244c2a-24\"><div class=\"kt-row-column-wrap kt-has-1-columns kt-gutter-default kt-v-gutter-default kt-row-valign-middle kt-row-layout-equal kt-tab-layout-inherit kt-m-colapse-left-to-right kt-mobile-layout-row\">\n<div class=\"wp-block-kadence-column inner-column-1 kadence-column_0e1149-a8\"><div class=\"kt-inside-inner-col\"><style media=\"all\" id=\"kt-blocks_a7e291-cb\">.kb-portfolio-loop_a7e291-cb .kb-portfolio-grid-wrap {grid-gap:0px 0px;}.kb-portfolio-loop_a7e291-cb .kb-blocks-portfolio-grid-item {background-color:#ffffff;border-width:0px 0px 0px 0px;}.kb-portfolio-loop_a7e291-cb .kb-blocks-portfolio-grid-item {padding:0px 0px 0px 0px;}.kb-portfolio-loop_a7e291-cb .kb-portfolio-overlay-color {background-color:rgba(23, 104, 234, 0);}.kb-portfolio-loop_a7e291-cb .kb-portfolio-overlay-border {border-color:rgba(255, 255, 255, 0);border-width:1px 1px 1px 1px;top:0px;right:0px;bottom:0px;left:0px;}.kb-portfolio-loop_a7e291-cb .kb-blocks-portfolio-grid-item:hover .kb-portfolio-overlay-color {background-color:rgba(255, 105, 0, 0.74);}.kb-portfolio-loop_a7e291-cb .kb-blocks-portfolio-grid-item:hover .kb-portfolio-overlay-border {border-color:rgba(255, 255, 255, 0.8);top:15px;right:15px;bottom:15px;left:15px;}.kb-portfolio-loop_a7e291-cb .kb-blocks-portfolio-grid-item .entry-title {padding:5px 0px 10px 0px;margin:0px 0px 0px 0px;text-transform:uppercase;font-weight:bold;}.kb-portfolio-loop_a7e291-cb .kb-blocks-portfolio-grid-item .kb-blocks-portfolio-taxonomies {}.kb-portfolio-loop_a7e291-cb .kb-blocks-portfolio-grid-item .kb-portfolio-loop-excerpt {}.kb-portfolio-loop_a7e291-cb .kb-filter-item {border-width:0px 0px 2px 0px;padding:5px 8px 5px 8px;margin:0px 10px 0px 0px;font-size:14px;text-transform:uppercase;font-family:Lato;font-style:normal;font-weight:400;}.kb-portfolio-loop_a7e291-cb .kb-filter-item:hover, .kb-portfolio-loop_a7e291-cb .kb-filter-item:focus {color:#ffffff;background:rgba(255, 105, 0, 1);border-color:rgba(255, 105, 0, 1);}.kb-portfolio-loop_a7e291-cb .kb-filter-item.is-active {color:#ffffff;background:rgba(255, 105, 0, 1);border-color:rgba(255, 105, 0, 1);}<\/style><div class=\"wp-block-kadence-portfoliogrid kb-blocks-portfolio-loop-block alignnone kb-portfolio-loop_a7e291-cb kb-portfolio-grid-layout-grid \"><div class=\"kb-portfolio-grid-wrap kb-portfolio-grid-layout-grid-wrap kb-blocks-portfolio-img-hover-zoomout kb-blocks-portfolio-content-hover-zoomin\" data-columns-xxl=\"4\" data-columns-xl=\"4\" data-columns-md=\"4\" data-columns-sm=\"3\" data-columns-xs=\"2\" data-columns-ss=\"2\"><div class=\"kb-blocks-portfolio-grid-item\"><div class=\"kb-blocks-portfolio-grid-item-inner-wrap kb-feat-image-align-none\"><div class=\"kadence-portfolio-image\"><div class=\"kadence-portfolio-image-intrisic kt-image-ratio-75\" style=\"padding-bottom:75%\"><div class=\"kadence-portfolio-image-inner-intrisic\"><img loading=\"lazy\" width=\"400\" height=\"260\" src=\"https:\/\/turkabkablo.com\/wp-content\/uploads\/2020\/12\/h07vk-2.png\" class=\"attachment-large size-large wp-post-image\" alt=\"\" decoding=\"async\" srcset=\"https:\/\/turkabkablo.com\/wp-content\/uploads\/2020\/12\/h07vk-2.png 400w, https:\/\/turkabkablo.com\/wp-content\/uploads\/2020\/12\/h07vk-2-300x195.png 300w\" sizes=\"(max-width: 400px) 100vw, 400px\" \/><\/div><\/div><\/div><div class=\"kb-portfolio-grid-item-inner\"><a href=\"https:\/\/turkabkablo.com\/?page_id=1349\" class=\"portfolio-hover-item-link\"><\/a><div class=\"kb-portfolio-overlay-color\"><\/div><div class=\"kb-portfolio-overlay-border\"><\/div><div class=\"kb-portfolio-content-item-inner\"><h3 class=\"entry-title kb-portfolio-loop-title\">H07V-K<\/h3><div class=\"kb-blocks-portfolio-taxonomies\">Harmonize<\/div><\/div><\/div><\/div><\/div><div class=\"kb-blocks-portfolio-grid-item\"><div class=\"kb-blocks-portfolio-grid-item-inner-wrap kb-feat-image-align-none\"><div class=\"kadence-portfolio-image\"><div class=\"kadence-portfolio-image-intrisic kt-image-ratio-75\" style=\"padding-bottom:75%\"><div class=\"kadence-portfolio-image-inner-intrisic\"><img loading=\"lazy\" width=\"400\" height=\"260\" src=\"https:\/\/turkabkablo.com\/wp-content\/uploads\/2020\/12\/YXV-2.png\" class=\"attachment-large size-large wp-post-image\" alt=\"\" decoding=\"async\" srcset=\"https:\/\/turkabkablo.com\/wp-content\/uploads\/2020\/12\/YXV-2.png 400w, https:\/\/turkabkablo.com\/wp-content\/uploads\/2020\/12\/YXV-2-300x195.png 300w\" sizes=\"(max-width: 400px) 100vw, 400px\" \/><\/div><\/div><\/div><div class=\"kb-portfolio-grid-item-inner\"><a href=\"https:\/\/turkabkablo.com\/?page_id=1344\" class=\"portfolio-hover-item-link\"><\/a><div class=\"kb-portfolio-overlay-color\"><\/div><div class=\"kb-portfolio-overlay-border\"><\/div><div class=\"kb-portfolio-content-item-inner\"><h3 class=\"entry-title kb-portfolio-loop-title\">YXV, N2XY 0.6\/1kV XLPE Kablolar<\/h3><div class=\"kb-blocks-portfolio-taxonomies\">Enerji<\/div><\/div><\/div><\/div><\/div><div class=\"kb-blocks-portfolio-grid-item\"><div class=\"kb-blocks-portfolio-grid-item-inner-wrap kb-feat-image-align-none\"><div class=\"kadence-portfolio-image\"><div class=\"kadence-portfolio-image-intrisic kt-image-ratio-75\" style=\"padding-bottom:75%\"><div class=\"kadence-portfolio-image-inner-intrisic\"><img loading=\"lazy\" width=\"400\" height=\"260\" src=\"https:\/\/turkabkablo.com\/wp-content\/uploads\/2020\/12\/h07v2k-2.png\" class=\"attachment-large size-large wp-post-image\" alt=\"\" decoding=\"async\" srcset=\"https:\/\/turkabkablo.com\/wp-content\/uploads\/2020\/12\/h07v2k-2.png 400w, https:\/\/turkabkablo.com\/wp-content\/uploads\/2020\/12\/h07v2k-2-300x195.png 300w\" sizes=\"(max-width: 400px) 100vw, 400px\" \/><\/div><\/div><\/div><div class=\"kb-portfolio-grid-item-inner\"><a href=\"https:\/\/turkabkablo.com\/?page_id=1351\" class=\"portfolio-hover-item-link\"><\/a><div class=\"kb-portfolio-overlay-color\"><\/div><div class=\"kb-portfolio-overlay-border\"><\/div><div class=\"kb-portfolio-content-item-inner\"><h3 class=\"entry-title kb-portfolio-loop-title\">H07V2-K<\/h3><div class=\"kb-blocks-portfolio-taxonomies\">Harmonize<\/div><\/div><\/div><\/div><\/div><div class=\"kb-blocks-portfolio-grid-item\"><div class=\"kb-blocks-portfolio-grid-item-inner-wrap kb-feat-image-align-none\"><div class=\"kadence-portfolio-image\"><div class=\"kadence-portfolio-image-intrisic kt-image-ratio-75\" style=\"padding-bottom:75%\"><div class=\"kadence-portfolio-image-inner-intrisic\"><img loading=\"lazy\" width=\"400\" height=\"260\" src=\"https:\/\/turkabkablo.com\/wp-content\/uploads\/2020\/12\/h07vvh6-f-2.png\" class=\"attachment-large size-large wp-post-image\" alt=\"\" decoding=\"async\" srcset=\"https:\/\/turkabkablo.com\/wp-content\/uploads\/2020\/12\/h07vvh6-f-2.png 400w, https:\/\/turkabkablo.com\/wp-content\/uploads\/2020\/12\/h07vvh6-f-2-300x195.png 300w\" sizes=\"(max-width: 400px) 100vw, 400px\" \/><\/div><\/div><\/div><div class=\"kb-portfolio-grid-item-inner\"><a href=\"https:\/\/turkabkablo.com\/?page_id=1817\" class=\"portfolio-hover-item-link\"><\/a><div class=\"kb-portfolio-overlay-color\"><\/div><div class=\"kb-portfolio-overlay-border\"><\/div><div class=\"kb-portfolio-content-item-inner\"><h3 class=\"entry-title kb-portfolio-loop-title\">H07VVH6-F<\/h3><div class=\"kb-blocks-portfolio-taxonomies\">Harmonize<\/div><\/div><\/div><\/div><\/div><\/div><\/div><\/div><\/div>\n<\/div><\/div><\/div>\n\n\n\n<p><\/p>\n","protected":false},"excerpt":{"rendered":"","protected":false},"author":1,"featured_media":0,"parent":0,"menu_order":1,"comment_status":"closed","ping_status":"open","template":"","meta":{"kt_blocks_editor_width":"","footnotes":""},"tags":[],"featured_image_src_large":false,"author_info":{"display_name":"Abronsius","author_link":"https:\/\/turkabkablo.com\/?author=1"},"comment_info":0,"taxonomy_info":[],"_links":{"self":[{"href":"https:\/\/turkabkablo.com\/index.php?rest_route=\/wp\/v2\/pages\/1626"}],"collection":[{"href":"https:\/\/turkabkablo.com\/index.php?rest_route=\/wp\/v2\/pages"}],"about":[{"href":"https:\/\/turkabkablo.com\/index.php?rest_route=\/wp\/v2\/types\/page"}],"author":[{"embeddable":true,"href":"https:\/\/turkabkablo.com\/index.php?rest_route=\/wp\/v2\/users\/1"}],"replies":[{"embeddable":true,"href":"https:\/\/turkabkablo.com\/index.php?rest_route=%2Fwp%2Fv2%2Fcomments&post=1626"}],"version-history":[{"count":21,"href":"https:\/\/turkabkablo.com\/index.php?rest_route=\/wp\/v2\/pages\/1626\/revisions"}],"predecessor-version":[{"id":2168,"href":"https:\/\/turkabkablo.com\/index.php?rest_route=\/wp\/v2\/pages\/1626\/revisions\/2168"}],"wp:attachment":[{"href":"https:\/\/turkabkablo.com\/index.php?rest_route=%2Fwp%2Fv2%2Fmedia&parent=1626"}],"wp:term":[{"taxonomy":"post_tag","embeddable":true,"href":"https:\/\/turkabkablo.com\/index.php?rest_route=%2Fwp%2Fv2%2Ftags&post=1626"}],"curies":[{"name":"wp","href":"https:\/\/api.w.org\/{rel}","templated":true}]}}